6, -x*f = -f - 5*q - 4920. Is f a composite number?
True
Let m = 380 + -359. Is (-24)/m + (-304305)/(-105) a prime number?
True
Let w(m) = 3*m**2 + 2*m + 23. Let q = -17 + 44. Let f = q - 15. Is w(f) a prime number?
True
Let w = -1667 - -758. Let j = w - -1430. Is j prime?
True
Let k = 277 - 261. Suppose k*b + 1391 = 16255. Is b prime?
True
Let c(k) = 232614*k - 2741. Is c(5) prime?
False
Let s be 123507/(-18)*1*10. Let t = -37132 - s. Is t a composite number?
True
Let h(l) = -3 - 3*l + 14*l**2 + 607*l**2 + 264*l**2. Let y be 722/(-304) - (-3)/8. Is h(y) prime?
False
Suppose -5*u - 4*h = -7*h + 7, h - 9 = -5*u. Is u - -4 - (-115428)/18*3 a prime number?
False
Is (-5)/((146268315/25139895 - 2/(-11)) + -6) a composite number?
True
Let u be (96/(-336))/(2/(-42)). Is (-29 + 440)*38/u a composite number?
True
Let t = 8726 - -2387. Is t composite?
False
Suppose 15 + 25 = 20*z. Suppose 4*g = 4*p - 1756, -z*p + 679 = 5*g - 227. Is p a prime number?
True
Let y = -1856 - -750. Let g = -597 - y. Is g prime?
True
Let w(b) be the third derivative of 661*b**5/15 + 7*b**4/24 - 26*b**3/3 - 27*b**2 + 2*b. Is w(5) a prime number?
True
Let q = 12 - 9. Suppose -q*d - 4*a = a + 2690, d + a = -898. Let m = d - -1319. Is m prime?
True
Suppose -4*l = -423 - 377. Let t(z) = 7*z - 41. Let u be t(17). Let v = l - u. Is v a prime number?
False
Suppose 19*c - 17*c + 30856 = 2*m, m - 15422 = 2*c. Is m a composite number?
True
Let w(d) = 14*d**2 + d. Let q be w(-1). Let y(g) = g - 12 + 10*g**3 + 5*g**2 + 1 - 3*g - q*g**3. Is y(-5) a prime number?
True
Suppose 5*b = 3*g + 107 + 26, 3*g = -5*b + 127. Let q(l) = 296*l + 31. Is q(b) a composite number?
False
Let p be 2*(24/(-4))/(-6). Suppose -211 = -p*r - 27. Let j = 114 - r. Is j a composite number?
True
Let x(h) = -10*h**2 - 22*h - 10. Let p be x(-9). Let i = 25 - p. Let m = 945 - i. Is m prime?
False
Suppose -146*z = 3*j - 147*z - 61951, -4*j + 82592 = z. Is j prime?
False
Let i = 30058 + -7396. Suppose i = 6*r - 0*r. Is (1 - 1) + r*1/3 prime?
True
Is ((-174014)/(-4))/((-41)/492*-6) prime?
False
Let a(l) = -2 + 2396*l + 3964*l - 3 + 3642*l. Is a(2) a prime number?
False
Let q = -503791 + 852870. Is q a composite number?
False
Is (-265407750)/1350*(-6)/10 a composite number?
False
Suppose 618402 = -242*i + 4307692. Is i prime?
False
Let a = 168243 + 20623. Is a a prime number?
False
Let y be 339/6 + (-2)/4. Suppose 0 = -y*m + 49*m + 4837. Is m a composite number?
False
Suppose 0 = u + 3*u + 3*m - 5, -3*u - m = 0. Let j be 3/(-1) + (3 - u) - -4. Suppose 0 = -j*q + 4*q + 221. Is q a prime number?
False
Let y = -694 + 1251. Suppose 1227 = 3*h - 1425. Let b = h + y. Is b a prime number?
False
Let o = -139 + 4. Let p be 2 - o/((20/(-36))/(-5)). Let n = 2352 - p. Is n prime?
False
Is 1/((5850028/5850032 - 1)*-4) prime?
True
Is 1262/(-26)*-11665 + (16 - 12810/793) prime?
True
Suppose 45*j + 90817 = m + 46*j, 0 = m - 3*j - 90833. Is m a prime number?
True
Let t = -1451 - -4165. Suppose z + 641 = t. Is z composite?
True
Let z be 42/49 - 1*(-236)/(-14). Is -1 - -11045 - (-14 - z) prime?
False
Is 21694/1 + 7/((-5)/(-65)*13) a composite number?
False
Let t = 446351 + -285490. Is t a composite number?
False
Let w(o) = 1843*o - 7. Let j be (-6 - (-13)/2)*7*2. Let v be w(j). Suppose 3*c = -3*c + v. Is c a prime number?
False
Let r = 4 + -4. Suppose r = -5*l + 3*s + 4802, 15 = -4*s - 1. Suppose -p - p = -l. Is p a prime number?
True
Let i(a) = -2337*a + 2327. Is i(-6) a prime number?
True
Let b = -44 + 49. Suppose 2*x + b + 3 = -2*o, -3*x = -5*o - 20. Suppose -4*p + 1442 = -2*u - x*u, 3*u + 1804 = 5*p. Is p a prime number?
True
Let y = -410 - -1534. Let m = 4327 - y. Is m composite?
False
Let y be 18 - (-6)/(-9)*6. Suppose y - 2 = 3*t. Suppose -t*a = -3*a - 115. Is a prime?
False
Let u(o) = -4*o - 6. Let k be u(0). Is (2/k)/(4/(-49944)*2) a composite number?
False
Is 195/260 - 1/((-8)/5001442) a composite number?
False
Let s = 76196 + -38923. Is s composite?
False
Let b = -100 - -69. Let o = 33 + b. Suppose -4*y - 3*n + 807 + 1700 = 0, o*n - 10 = 0. Is y a prime number?
False
Let q(r) = 295*r + 16. Let c = 565 + -543. Is q(c) prime?
False
Let x be 6*(-14)/(-39) - 8/52. Suppose -x*r = -0*r - 2158. Is r a prime number?
False
Let m(o) = -o**2 - 8*o - 9. Let k be m(-5). Suppose -6*z + 12 = k. Is (-5030)/(-6) - ((-25)/15 + z) composite?
False
Is (-19122 - -140)/(1 - 2) a prime number?
False
Let r be 410/246*(-6)/(-2). Suppose -3*p - 3649 = -i, 3420 = 2*i - r*p - 3876. Is i composite?
False
Suppose 521*u = 546*u - 6463025. Is u composite?
False
Suppose 106*b + 35*b - 1281430 - 9305273 = 0. Is b a prime number?
True
Suppose 2*b = -6*u + u + 19176, -2*u + b + 7674 = 0. Let h = u - 1195. Is h a prime number?
False
Let t(s) = 370841*s**2 + 122*s + 3. Is t(-2) a prime number?
True
Let r(b) = -3053*b + 229. Is r(-24) a prime number?
False
Suppose -4*m - 3*h + 196 = 0, -6*m + 2*h = -m - 245. Let u = -108 + m. Let o = 694 + u. Is o composite?
True
Let z = 108 - 26. Let q = 96 - z. Is 1490/28*16 - 6/q a prime number?
False
Let n(v) = -v**3 - 6*v**2 + 21*v + 14. Let b be n(-9). Suppose 0 = b*s - 67*s - 689. Is s composite?
True
Let k = 53 + -49. Suppose 0 = -k*w - 23 - 1. Is 656/12*w/(-2) - -2 a prime number?
False
Is 2/((-144685)/241225 + 6/10) a prime number?
True
Let a be (8 + 1698/18)*6. Is (-42)/24*152/(-28)*a a composite number?
True
Suppose 3*w = -5*a - 3134, 10*w - 5*a + 3124 = 7*w. Let h = w + 2036. Is h a composite number?
True
Is 8/(-24)*(0 + -50014 + 1) prime?
False
Let p = 4170 + -6634. Let z = 2613 - p. Is z a composite number?
False
Suppose -63*a = -74*a + 6437497. Is a a prime number?
False
Let c = 2510778 + -1376507. Is c composite?
False
Let u be (272/12 + -21)/(5/6). Suppose -3*i + 17 + 4 = 0. Suppose -i*k = -5*k + 5*a - 2249, -4462 = -4*k + u*a. Is k a prime number?
True
Let x = -61 + 75. Suppose -x*b + 13748 = 1302. Is b a prime number?
False
Let d be -2 + -1 - (1 - (-6 - -19)). Suppose -d + 11 = -2*t. Is 1893/(-1)*(t/3 - 0) a prime number?
True
Suppose -4*a - 60*i + 2421850 = -62*i, -4*a + 2421864 = -4*i. Is a composite?
True
Let t(p) = 2*p**2 - 22*p. Let b be t(11). Suppose 0 = z - b*z + 5*d + 2665, -4*d - 10612 = 4*z. Let c = z + 4449. Is c a prime number?
False
Suppose 3*v = -5*p - 10742, 0 = 3*v + 10*p - 9*p + 10738. Is (14/21)/((-2)/v) composite?
False
Suppose o - 2 = 0, 19*t - 4*o = 21*t - 1606750. Is t composite?
True
Let g(i) = -628*i - 3. Let s(w) = -3140*w - 11. Let t(p) = -11*g(p) + 2*s(p). Is t(6) prime?
True
Let g(i) = -i**2 - 20*i + 29. Let y be g(-22). Let q(v) = 29*v**2 + 21*v + 35. Is q(y) a composite number?
True
Suppose -4*n - n + 95 = 5*b, -b = 1. Is 15/n*1028 + -2 a composite number?
False
Let u be 57/6 - (-1)/2. Is 5/u + (-3255)/(-10) a prime number?
False
Let f(g) = -2*g**3 + 3*g**2 + 16*g + 11. Suppose -b = -12 + 24. Is f(b) composite?
True
Let n(a) = 2*a**3 + 36*a**2 - 9*a - 28. Let k be n(19). Suppose -8*t + 4981 + k = 0. Is t a composite number?
True
Let f(r) = -15*r**3 - 10*r**2 - 6*r + 17. Let h be f(-8). Suppose -2*w = -u + h, w + u + 732 = -2828. Let s = w + 6568. Is s a composite number?
True
Let s = 124471 + 73320. Is s a composite number?
True
Suppose 4*g - 3*g - 1122 = 3*r, 4*g = 3*r + 4479. Let v = g - 32. Is v a composite number?
False
Let l = -4 - 0. Let i be l/(-6) - (-12)/9. Suppose -1445 = -3*t + x, i*t = 3*x - 6*x + 956. Is t composite?
True
Suppose -3*b + 57*b = -64908. Let d = b - -2340. Is d a prime number?
False
Let q = -1704 + 13919. Suppose 2*c = 3*g + q, 3*c + 0*g = -2*g + 18329. Is c a composite number?
True
Is 57/9*(6 + (8 - -14149)) composite?
True
Let t = -23734 + 48212. Is t a composite number?
True
Suppose -5*i + 3 + 12 = 0. Suppose t - 51 - 271 = -3*u, i*t - 4*u = 953. Suppose 10*x = 11*x - t. Is x composite?
True
Let u be (-11 - (-420)/19) + 2/(-19). Let d(y) = 349*y - 120. Is d(u) prime?
True
Let p = 196069 + -66986. Is p prime?
True
Let n(c) = 493*c**2 + 65*c - 455. Is n(9) a composite number?
False
Let d = 8801 - 20072. Let k = d + 16160. Is k prime?
True
Let f(j) = 7453*j + 464. Is f(5) composite?
True
Suppose -16603 = 2*d - s, d - 6*d - 41501 = 4*s. Let v = -512 - d. Is v a prime number?
True
Suppose -33*u + 34*u + 3*s - 61912 = 0, -4*s = 3*u - 185731. Is u prime?
True